pose -15 = 117*f - 122*f. Suppose -f*s = 4*u - u - 234, 3*s - 262 = 4*u. What is the tens digit of s?
8
Suppose -2*i + 408 = -4*k, 3*k = 4*i - 2*k - 807. Let c = i + -24. What is the hundreds digit of c?
1
Let s = -16133 - -33426. What is the thousands digit of s?
7
Let u(c) = -c**2 + 30*c + 6. Let n be u(30). What is the hundreds digit of (1502/4 - -2)/(3/n)?
7
Let h = 6839 - -2294. What is the tens digit of h?
3
Let h(p) = 388*p**2 + 33*p + 137. What is the hundreds digit of h(-4)?
2
Suppose 0 = 7*l - 9256 - 21726. What is the tens digit of l?
2
Let c(x) = -x**2 + 4*x + 50. Let k be c(10). What is the hundreds digit of 2*301 + (-50)/k?
6
Let g(n) be the third derivative of -n**5/60 - 5*n**4/2 + n**3 + 2*n**2 - 4. What is the hundreds digit of g(-30)?
9
Suppose z - 2490 = -5*l + 12229, 0 = -l + 6*z + 2981. What is the units digit of l?
5
Let u be (476/10)/(-8*(-5)/12800). Suppose -21*q - 4249 = -u. What is the tens digit of q?
2
Suppose -4*t + 31*v + 241018 = 36*v, 5*t = 2*v + 301223. What is the units digit of t?
7
Suppose -888812 = -4542*s + 4503*s + 1501264. What is the ten thousands digit of s?
6
Suppose 59*d = 65*d - 25122. Suppose 9*g - 8179 = d. What is the units digit of g?
4
Let t = 113970 + -72980. What is the tens digit of t?
9
Let j(p) be the second derivative of p**5/20 - 3*p**4/2 + 7*p**3/2 + 61*p**2/2 - 2*p - 1. What is the hundreds digit of j(19)?
8
Suppose 238*n = 218*n. Suppose 4*z + 6*r = 4*r + 30, 0 = -5*z - 4*r + 39. Suppose z*y - 163 - 607 = n. What is the tens digit of y?
1
Let f be (1/2)/((-2)/(-1220)). Let x = -231 + f. What is the units digit of x?
4
Let c = -40907 + 70786. What is the units digit of c?
9
Let k(z) = -24*z - 93. Let p be k(-4). What is the units digit of p - (3 + -4)*334?
7
What is the hundreds digit of 73809/(-378)*-6 + (-4)/7?
1
Suppose 76 = 2*q + 2*q. Let w(d) = -59*d + 20. Let o be w(-1). Let a = o + q. What is the units digit of a?
8
Let c(g) = -4565*g - 2138. What is the units digit of c(-5)?
7
Suppose 4*y = -0*y + 4*j + 56, -3*j + 72 = 3*y. Suppose -9259 + y = -40*a. What is the units digit of a?
1
Let x be 9/(-4)*2*(-20)/(-15). Let o be 156/(-27) + x/27. Let k(t) = -12*t + 13. What is the tens digit of k(o)?
8
Let h(g) = 25*g**2 - 47*g - 9. Let v be h(9). Suppose v*r = 1600*r - 2576. What is the tens digit of r?
6
What is the units digit of 33449 + 13 + (126/72)/(2/(-8))?
5
Let g(c) = -c**3 - 8*c**2 - 10*c + 10. Let s be g(-6). What is the hundreds digit of ((-34)/(-4))/(s/(-52))?
2
What is the hundreds digit of (4/3 - 1)/(((-3320)/30600)/(-83))?
2
Let x(u) = -u**3 - 37*u**2 - 117*u + 13. What is the tens digit of x(-34)?
2
Suppose 2*s + 3*m - 756 = -s, -4*m = -s + 267. Suppose -21 - s = -i. Suppose i = o - 5*l, 2*o + o + l = 812. What is the tens digit of o?
7
What is the tens digit of (-295)/472 + (-146693)/(-8)?
3
Suppose 3*p = -23*q + 18*q + 271823, 271827 = 5*q + 2*p. What is the thousands digit of q?
4
Suppose 43*a = 34*a + 5094. Let y = 836 - a. What is the tens digit of y?
7
Let f = 1421 + -333. Suppose -11*j + 16*j = m - 284, -4*m + f = 4*j. What is the units digit of m?
4
What is the tens digit of 5*1 - (48/(-168) + 1197393/(-21))?
2
What is the hundreds digit of (-2723864)/(-312) + 8/(-6)?
7
Let z(f) = 0*f - 29 - 8 + 4*f + 14. Let t be z(7). Suppose t*i - 363 = -3*v + 47, 0 = 3*i - 4*v - 246. What is the tens digit of i?
8
Let g(o) = o**3 + 6*o**2 + 6*o + 14. Let u be g(-5). What is the tens digit of ((-2361)/u - -3)*6/(-4)?
8
Let m = 166 + -162. Suppose -2*d + 178 = m*s, -5*d + 2*s - 13 = -410. What is the units digit of d?
1
Suppose 5570*r + 440286 = 5612*r. What is the ten thousands digit of r?
1
Let v(h) = 16*h - 5*h + 16*h + 1. Suppose 0 = -4*d - 65 + 81. What is the hundreds digit of v(d)?
1
What is the units digit of (4/(-10))/(6 + (-6)/((-505020)/(-505022)))?
4
Suppose 332*o - 10715798 = 12989666. What is the tens digit of o?
0
What is the thousands digit of 1497575/140 - 4/(-14) - 50/200?
0
Suppose -9*b - 309 + 112949 = -4*b. What is the thousands digit of b?
2
Suppose 26 = 2*l + 22. Let o(w) = -12 - 3*w + w**2 + 28*w**3 + 9 + 0*w - 8*w**3. What is the units digit of o(l)?
5
Suppose 4*u = 10*u + 235 - 42853. What is the tens digit of u?
0
Let r(u) = -23*u**3 + 7*u**2 + 6*u + 16. What is the hundreds digit of r(-5)?
0
Let w = -185 - -174. What is the units digit of (-2)/(-6) - ((-21758)/(-6))/w?
0
Let p(s) = 55*s**2 - 149*s - 1102. What is the hundreds digit of p(-9)?
6
Suppose 2*c + 10*j - 14*j = 16462, -4*c - 5*j = -32820. What is the tens digit of c?
1
Let u = 1129 + -574. Let s = u - 15. Suppose -3*o + m + 540 = -3*m, m = 3*o - s. What is the tens digit of o?
8
Let t(i) = 2*i**3 + 17*i**2 + 12*i - 4. Let j be t(-8). Let k(w) = -36*w - 290. What is the units digit of k(j)?
6
Suppose -57*p + 467919 = 76842. What is the hundreds digit of p?
8
Suppose -4*l = -4*i - 4848, 2*l - 3*l - 3*i = -1216. Suppose -l = 7*s - 3488. Suppose -3*y + 0*p = p - 489, -p = 2*y - s. What is the hundreds digit of y?
1
Suppose -78191 = -54*z + 14797. What is the hundreds digit of z?
7
Let m(i) = 1196*i**3 + 2*i**2 - 8*i + 7. Let g be m(1). Suppose 0 = 11*p - 8*p - g. What is the tens digit of p?
9
Let t be (-7)/(21/4) - 1860/(-18). Let u = t - -330. What is the tens digit of u?
3
Let d(t) = 2*t + 14. Let f be d(9). Suppose a = 5*l + 195 - f, -3*a - 3*l = -525. What is the hundreds digit of a?
1
Suppose -3*a = w - 7452 + 833, 4*w + 4*a - 26484 = 0. What is the thousands digit of w?
6
Suppose -4*w + 5*h + 175 = -10, 0 = 3*w + 2*h - 110. Let u be (-9)/(-2) + (-1)/(-2). Suppose 6*d - w = u*d. What is the units digit of d?
0
What is the hundreds digit of (210582/(-21))/(90/(-210))?
3
Let x be -7*(3 - (-4 - -8)). Suppose -3*h = -x*h. Suppose h = -2*f + 10 + 144. What is the units digit of f?
7
Let h be ((-3)/6)/(28/8 + -4). Let k(j) = 106*j + 1. What is the units digit of k(h)?
7
Let z be -2*8*(6 + -8). Let i = -31 + z. What is the units digit of 46 + (i - (-4 + 7))?
4
Let i(s) = 7*s + 758. What is the hundreds digit of i(41)?
0
What is the tens digit of -4*(-13534)/12 + 1 + 35/(-15)?
1
Suppose 16*x - 37 = 139. What is the hundreds digit of (1534 - (x + -4)) + 5?
5
Let q(i) = -2*i**3 + 3*i**2 + 2*i - 3. Let l be q(2). Let k be 127*1 - l/9*3. Let y = k - 71. What is the tens digit of y?
5
What is the hundreds digit of 439230/54 - (-6)/54?
1
Suppose s = -b + 4769, 2*s = 7*s. Suppose 14*a = 7131 + b. What is the units digit of a?
0
Let m = 163 + 0. Let k be 18/(-30) - (-403)/5. Let y = m - k. What is the tens digit of y?
8
Let u = 30 + -25. Suppose p + 2*r + 4 = 3*p, 3*p = u*r. Suppose 0*y + 3*y + p*q = 343, 4*q - 228 = -2*y. What is the hundreds digit of y?
1
Let g be (49191/12)/19 + 1/4. Let q = 495 - g. What is the hundreds digit of q?
2
Suppose -2*t + 7*t = 0. Suppose 0 = 3*a - 2*i + 145, 30*a = 26*a + 3*i - 194. Let v = t - a. What is the units digit of v?
7
Let o(n) be the third derivative of n**5/60 + 7*n**4/8 - 7*n**3 - 49*n**2. Let v be o(-23). Suppose -v*a + 0*a = -1092. What is the hundreds digit of a?
2
Suppose -20*a - 8 + 648 = 0. Suppose 23*x = a*x - 5715. What is the units digit of x?
5
Suppose 0 = 6*k + 4 - 22. Let q = k + 11. Suppose 2*w - 3*v = 184, -w + q = -5*v - 64. What is the tens digit of w?
9
Let v(t) = 128*t - 155. Suppose 2*h - 5 = -5*r - 0, 0 = 8*h - 3*r - 89. What is the units digit of v(h)?
5
Let y be (-6 - (6 - 8)) + -2 + 8. Suppose w = -2*w - 4*p + 894, -3*w - 2*p = -888. Suppose 0 = y*s - 8*s + w. What is the units digit of s?
9
Let x = 29 + 6. Suppose 5*r = j - 184, -x = 2*r + 4*j + 43. Let h = r - -80. What is the tens digit of h?
4
Suppose q = 5*z + 3042, -5*z + 126 = -5*q + 15336. What is the thousands digit of q?
3
Suppose -z + 9 = -0*z. What is the hundreds digit of 106/5*(1170/z)/13?
2
Let w be ((-3)/6)/((-2)/(-4)). Let l be (2 - 5 - -4)/(w/3). What is the units digit of 142 - l*(-10)/15?
0
Suppose 72 = -42*z + 48*z. Let o(c) = 38*c - 25. What is the tens digit of o(z)?
3
Suppose 3*o + 6 = n, -6 = -0*n - n + 2*o. Suppose n*j = -16*j + 8382. What is the units digit of j?
1
Suppose 3*a - 5*d - 38802 = 0, a + 5*d = 5*a - 51731. What is the ten thousands digit of a?
1
What is the ten thousands digit of (-652899)/(-52) - ((-2)/8 + 0)?
1
Let o(t) = -t**3 + 16*t**2 + 